{"id":2,"date":"2020-09-23T17:03:05","date_gmt":"2020-09-23T15:03:05","guid":{"rendered":"https:\/\/awandelhof.ch\/?page_id=2"},"modified":"2025-11-29T11:07:00","modified_gmt":"2025-11-29T10:07:00","slug":"beispiel-seite","status":"publish","type":"page","link":"https:\/\/awandelhof.ch\/","title":{"rendered":"Home"},"content":{"rendered":"<p>[et_pb_section fb_built=&#187;1&#8243; admin_label=&#187;Hero Section&#187; _builder_version=&#187;4.6.6&#8243; use_background_color_gradient=&#187;on&#187; background_color_gradient_start=&#187;rgba(0,0,0,0)&#187; background_color_gradient_end=&#187;rgba(244,240,233,0)&#187; background_color_gradient_direction=&#187;255deg&#187; background_color_gradient_end_position=&#187;35%&#187; background_color_gradient_overlays_image=&#187;on&#187; background_image=&#187;https:\/\/awandelhof.ch\/wp-content\/uploads\/2020\/09\/Rinder-3-scaled.jpg&#187; background_position=&#187;bottom_center&#187; min_height=&#187;773px&#187; custom_margin=&#187;||-128px|||&#187; custom_padding=&#187;0%|0px|0%|0px||&#187;][\/et_pb_section][et_pb_section fb_built=&#187;1&#8243; admin_label=&#187;Promo Banner&#187; _builder_version=&#187;4.6.6&#8243; background_color=&#187;rgba(249,201,67,0.77)&#187; width=&#187;100%&#187; max_width=&#187;100%&#187; max_width_tablet=&#187;&#187; max_width_phone=&#187;&#187; max_width_last_edited=&#187;on|phone&#187; min_height=&#187;100px&#187; min_height_tablet=&#187;&#187; min_height_phone=&#187;100px&#187; min_height_last_edited=&#187;on|phone&#187; height=&#187;110px&#187; height_tablet=&#187;151px&#187; height_phone=&#187;auto&#187; height_last_edited=&#187;on|tablet&#187; max_height=&#187;1000px&#187; max_height_tablet=&#187;&#187; max_height_phone=&#187;155px&#187; max_height_last_edited=&#187;on|desktop&#187; custom_margin=&#187;-201px||-39px|||&#187; custom_padding=&#187;0px|0px|0px|0px||&#187;][et_pb_row _builder_version=&#187;3.25&#8243; custom_margin=&#187;125px|auto|14px|auto||&#187; custom_padding=&#187;4px|||||&#187;][et_pb_column type=&#187;4_4&#8243; _builder_version=&#187;3.25&#8243; custom_padding=&#187;|||&#187; custom_padding__hover=&#187;|||&#187;][et_pb_text _builder_version=&#187;4.6.6&#8243; text_font=&#187;||||||||&#187; link_font=&#187;|600|||on||||&#187; link_text_color=&#187;rgba(12,12,12,0.59)&#187; header_font=&#187;||||||||&#187; header_font_size=&#187;100px&#187; header_2_font=&#187;Alice||||||||&#187; header_2_font_size=&#187;45px&#187; header_2_line_height=&#187;1.5em&#187; text_orientation=&#187;center&#187; background_layout=&#187;dark&#187; min_height=&#187;150px&#187; custom_padding=&#187;5px||0px|||&#187; inline_fonts=&#187;Asap,Andika,Acme&#187;]<\/p>\n<h2 style=\"text-align: left;\"><span style=\"color: #ffffff; font-family: Acme; font-weight: normal;\">Willkommen auf dem Awandelhof.<\/span><\/h2>\n<h2 style=\"text-align: left;\"><span style=\"font-family: inherit; font-weight: normal; font-size: medium;\"><b><br \/> <\/b><\/span><\/h2>\n<p>[\/et_pb_text][et_pb_image src=&#187;https:\/\/awandelhof.ch\/wp-content\/uploads\/2020\/10\/Sonnenblume-1.png&#187; alt=&#187;Sonnenblume&#187; title_text=&#187;Sonnenblume&#187; _builder_version=&#187;4.6.5&#8243; _module_preset=&#187;default&#187; min_height=&#187;78px&#187; custom_margin=&#187;-152px|||||&#187; custom_padding=&#187;13px|14px|0px|971px||&#187;][\/et_pb_image][\/et_pb_column][\/et_pb_row][et_pb_row _builder_version=&#187;4.6.6&#8243; _module_preset=&#187;default&#187; min_height=&#187;173px&#187;][et_pb_column type=&#187;4_4&#8243; _builder_version=&#187;4.6.6&#8243; _module_preset=&#187;default&#187;][et_pb_text _builder_version=&#187;4.9.4&#8243; _module_preset=&#187;default&#187; min_height=&#187;149px&#187; custom_margin=&#187;-50px|||||&#187; custom_padding=&#187;7px|||||&#187;]<\/p>\n<p><strong>Der Awandelhof liegt in der idyllischen Gemeinde Wil im sch\u00f6nen Z\u00fcrcher Unterland auf 400 m.\u00fc.M. Zum Hof geh\u00f6ren knapp 20 ha landwirtschaftliche Nutzfl\u00e4che sowie aktuell 13 K\u00fche mit ihren K\u00e4lber, 1 Pferd,1 Pony sowie 7 H\u00fchner und 1 Hahn.<\/strong><\/p>\n<p><strong><\/strong><\/p>\n<p><strong><\/strong><\/p>\n<p>[\/et_pb_text][\/et_pb_column][\/et_pb_row][\/et_pb_section][et_pb_section fb_built=&#187;1&#8243; _builder_version=&#187;4.6.6&#8243; _module_preset=&#187;default&#187; custom_margin=&#187;232px|||||&#187; custom_padding=&#187;2px|||||&#187;][et_pb_row _builder_version=&#187;4.6.6&#8243; _module_preset=&#187;default&#187; custom_padding=&#187;18px|||||&#187;][et_pb_column type=&#187;4_4&#8243; _builder_version=&#187;4.6.6&#8243; _module_preset=&#187;default&#187;][et_pb_divider _builder_version=&#187;4.6.6&#8243; _module_preset=&#187;default&#187;][\/et_pb_divider][\/et_pb_column][\/et_pb_row][\/et_pb_section][et_pb_section fb_built=&#187;1&#8243; _builder_version=&#187;4.9.4&#8243; _module_preset=&#187;default&#187; background_color=&#187;rgba(0,0,0,0)&#187; use_background_color_gradient=&#187;on&#187; background_color_gradient_start=&#187;rgba(0,0,0,0)&#187; background_color_gradient_end=&#187;rgba(0,0,0,0)&#187; custom_padding=&#187;||73px|||&#187;][et_pb_row _builder_version=&#187;4.6.6&#8243; _module_preset=&#187;default&#187; custom_padding=&#187;27px||2px|||&#187;][et_pb_column type=&#187;4_4&#8243; _builder_version=&#187;4.6.6&#8243; _module_preset=&#187;default&#187;][et_pb_text _builder_version=&#187;4.6.6&#8243; _module_preset=&#187;default&#187; text_font=&#187;Acme||||||||&#187; text_text_color=&#187;#8ec899&#8243; text_font_size=&#187;30px&#187;]<\/p>\n<p>Awandelhof Aktuell<\/p>\n<p>[\/et_pb_text][\/et_pb_column][\/et_pb_row][et_pb_row column_structure=&#187;1_3,1_3,1_3&#8243; _builder_version=&#187;4.7.0&#8243; _module_preset=&#187;default&#187;][et_pb_column type=&#187;1_3&#8243; _builder_version=&#187;4.6.6&#8243; _module_preset=&#187;default&#187;][et_pb_blurb title=&#187;RIP Silver Shadow V&#187; _builder_version=&#187;4.9.4&#8243; _module_preset=&#187;default&#187; header_font=&#187;Acme||||||||&#187; header_text_color=&#187;#8ec899&#8243; header_font_size=&#187;25px&#187; custom_padding=&#187;||0px|||&#187; inline_fonts=&#187;Abhaya Libre&#187;]<\/p>\n<p>Am 5. Februar 2024 mussten wir uns von unserem Pferd Silver verabschieden. Er durft stolze 31 Jahre alt werden. Du wirst immer in unseren Herzen sein lieber Silver!<\/p>\n<p>[\/et_pb_blurb][et_pb_gallery gallery_ids=&#187;1859&#8243; fullwidth=&#187;on&#187; _builder_version=&#187;4.9.4&#8243; _module_preset=&#187;default&#187; background_layout=&#187;dark&#187; min_height=&#187;220px&#187; custom_margin=&#187;-16px|||||&#187;][\/et_pb_gallery][et_pb_blurb title=&#187;Rindfleisch&#187; _builder_version=&#187;4.9.4&#8243; _module_preset=&#187;default&#187; header_font=&#187;Acme||||||||&#187; header_text_color=&#187;#8ec899&#8243; header_font_size=&#187;25px&#187;]<\/p>\n<p>Haben Sie Interesse an Rindfleisch vom Awandelhof? Wir verkaufen 10 Kg Mischpakete (30.\u2013\/Kg). Das <a href=\"https:\/\/awandelhof.ch\/wp-content\/uploads\/2021\/05\/Fleisch-Bestellformular.pdf\" target=\"_blank\" rel=\"noopener noreferrer\">Bestellformular<\/a> finden Sie im Men\u00fc Mutterkuhhaltung. Gerne nehmen wir Ihre Bestellungen entgegen.\u00a0 \u00a0 \u00a0 \u00a0 \u00a0 \u00a0 \u00a0 \u00a0 \u00a0 \u00a0 \u00a0 \u00a0 &#8211;\u00a0<a href=\"https:\/\/awandelhof.ch\/?page_id=60\" target=\"_blank\" rel=\"noopener noreferrer\"><\/a><a href=\"https:\/\/awandelhof.ch\/?page_id=60\" target=\"_blank\" rel=\"noopener noreferrer\">melden Sie sich!<\/a><span style=\"font-size: 17px;\">\u00a0<\/span><\/p>\n<p>[\/et_pb_blurb][et_pb_image src=&#187;https:\/\/awandelhof.ch\/wp-content\/uploads\/2020\/12\/Fleisch.jpg&#187; alt=&#187;Fleisch&#187; title_text=&#187;Fleisch&#187; show_in_lightbox=&#187;on&#187; use_overlay=&#187;on&#187; hover_icon=&#187;%%47%%&#187; _builder_version=&#187;4.7.0&#8243; _module_preset=&#187;default&#187; custom_margin=&#187;-17px|||||&#187;][\/et_pb_image][et_pb_blurb title=&#187;Chofel Traube&#187; _builder_version=&#187;4.9.4&#8243; _module_preset=&#187;default&#187; header_font=&#187;Acme||||||||&#187; header_text_color=&#187;#8ec899&#8243; header_font_size=&#187;25px&#187;]<\/p>\n<p><strong>(Riesling \u2013 K\u00f6nigliche Magdalenentrauben Auslese)<\/strong><br \/>Haben Sie Interesse an feinem Stadler Weisswein? Der Jahrgang 2024 ist abgef\u00fcllt und verkaufsbereit (6 x 75dl f\u00fcr CHF 108.\u2013) \u2013 <a href=\"https:\/\/awandelhof.ch\/?page_id=60\" target=\"_blank\" rel=\"noopener noreferrer\">melden Sie sich!<\/a><\/p>\n<p>[\/et_pb_blurb][et_pb_image src=&#187;https:\/\/awandelhof.ch\/wp-content\/uploads\/2020\/11\/Chofel-Traube.jpg&#187; alt=&#187;Chofel Traube&#187; title_text=&#187;Chofel Traube&#187; show_in_lightbox=&#187;on&#187; use_overlay=&#187;on&#187; hover_icon=&#187;%%47%%&#187; _builder_version=&#187;4.6.6&#8243; _module_preset=&#187;default&#187; custom_margin=&#187;-15px|||||&#187;][\/et_pb_image][\/et_pb_column][et_pb_column type=&#187;1_3&#8243; _builder_version=&#187;4.6.6&#8243; _module_preset=&#187;default&#187;][et_pb_blurb title=&#187;Hofzuwachs&#187; alt=&#187;Belle&#187; _builder_version=&#187;4.9.4&#8243; _module_preset=&#187;default&#187; header_font=&#187;Acme||||||||&#187; header_text_color=&#187;#8ec899&#8243; header_font_size=&#187;25px&#187; custom_padding=&#187;||0px|||&#187;]<\/p>\n<p>Damit unser Hardy nach dem Tod von Silver nicht alleine sein muss, lebt nun Zorro bei uns auf dem Hof.<\/p>\n<p>Zorro ist ein aufgewecktes Shettlandpony welches Streicheleinheiten und Futter liebt \ud83d\ude42<\/p>\n<p>[\/et_pb_blurb][et_pb_gallery gallery_ids=&#187;1862,1860,1861,1864&#8243; fullwidth=&#187;on&#187; _builder_version=&#187;4.9.4&#8243; _module_preset=&#187;default&#187; background_layout=&#187;dark&#187; min_height=&#187;220px&#187; custom_margin=&#187;-16px|||||&#187;][\/et_pb_gallery][et_pb_blurb title=&#187;Getreideernte&#187; alt=&#187;Belle&#187; _builder_version=&#187;4.9.4&#8243; _module_preset=&#187;default&#187; header_font=&#187;Acme||||||||&#187; header_text_color=&#187;#8ec899&#8243; header_font_size=&#187;25px&#187; custom_padding=&#187;||0px|||&#187;]<\/p>\n<p>Die diesj\u00e4hrige Getreideernte bereitete wieder Freude.<\/p>\n<p>Dank vielen fleissigen Herlfern konnten wir das Getreide sowie das Stroh vor dem Regen ins Trockene bringen.<\/p>\n<p>[\/et_pb_blurb][et_pb_gallery gallery_ids=&#187;1867,1869,1870,1868,1871,1872&#8243; fullwidth=&#187;on&#187; _builder_version=&#187;4.9.4&#8243; _module_preset=&#187;default&#187; background_layout=&#187;dark&#187; min_height=&#187;220px&#187; custom_margin=&#187;-16px|||||&#187;][\/et_pb_gallery][\/et_pb_column][et_pb_column type=&#187;1_3&#8243; _builder_version=&#187;4.6.6&#8243; _module_preset=&#187;default&#187;][et_pb_blurb title=&#187;W\u00fcmmet Riesling&#187; alt=&#187;Belle&#187; _builder_version=&#187;4.9.4&#8243; _module_preset=&#187;default&#187; header_font=&#187;Acme||||||||&#187; header_text_color=&#187;#8ec899&#8243; header_font_size=&#187;25px&#187; custom_padding=&#187;||0px|||&#187;]<\/p>\n<p>Am 11.09.2025 konnten wir unsere Riesling &#8211; K\u00f6nigliche Magdalenentraube lesen. Die Trauben durften wir in sehr guter Qualit\u00e4t dem Kelterer \u00fcbergeben.<\/p>\n<p>[\/et_pb_blurb][et_pb_gallery gallery_ids=&#187;1880,1881,1882,1883&#8243; fullwidth=&#187;on&#187; _builder_version=&#187;4.9.4&#8243; _module_preset=&#187;default&#187; background_layout=&#187;dark&#187; min_height=&#187;220px&#187; custom_margin=&#187;-16px|||||&#187;][\/et_pb_gallery][et_pb_blurb title=&#187;1. Merlot W\u00fcmmet&#187; alt=&#187;Belle&#187; _builder_version=&#187;4.9.4&#8243; _module_preset=&#187;default&#187; header_font=&#187;Acme||||||||&#187; header_text_color=&#187;#8ec899&#8243; header_font_size=&#187;25px&#187; custom_padding=&#187;||0px|||&#187;]<\/p>\n<p>Am 25.09.2025 konnten wir zum ersten Mal unsere Merlot Trauben welche im 2020 gesetzt wurden w\u00fcmme und die Trauben an den Kelterer weitergeben.<\/p>\n<p>Nun sind wir gespannt auf unseren ersten Merlot Wein.<\/p>\n<p>[\/et_pb_blurb][et_pb_gallery gallery_ids=&#187;1875,1877,1878&#8243; fullwidth=&#187;on&#187; _builder_version=&#187;4.9.4&#8243; _module_preset=&#187;default&#187; background_layout=&#187;dark&#187; min_height=&#187;220px&#187; custom_margin=&#187;-16px|||||&#187;][\/et_pb_gallery][\/et_pb_column][\/et_pb_row][\/et_pb_section][et_pb_section fb_built=&#187;1&#8243; admin_label=&#187;Special Offer Section&#187; _builder_version=&#187;4.6.5&#8243; background_color=&#187;#e7efef&#187; use_background_color_gradient=&#187;on&#187; background_color_gradient_start=&#187;rgba(235,235,235,0)&#187; background_color_gradient_end=&#187;#ffffff&#187; background_color_gradient_direction=&#187;360deg&#187; background_color_gradient_start_position=&#187;25%&#187; background_color_gradient_overlays_image=&#187;on&#187; background_image=&#187;https:\/\/awandelhof.ch\/wp-content\/uploads\/2020\/10\/AdobeStock_170164853-scaled.jpeg&#187; min_height=&#187;100px&#187; height=&#187;100px&#187; max_height=&#187;100px&#187; custom_margin=&#187;-2px|||||&#187; custom_padding=&#187;36.5%|0px|0%|0px||&#187;][\/et_pb_section]<\/p>\n","protected":false},"excerpt":{"rendered":"<p>[et_pb_section fb_built=&#187;1&#8243; admin_label=&#187;Hero Section&#187; _builder_version=&#187;4.6.6&#8243; use_background_color_gradient=&#187;on&#187; background_color_gradient_start=&#187;rgba(0,0,0,0)&#187; background_color_gradient_end=&#187;rgba(244,240,233,0)&#187; background_color_gradient_direction=&#187;255deg&#187; background_color_gradient_end_position=&#187;35%&#187; background_color_gradient_overlays_image=&#187;on&#187; background_image=&#187;https:\/\/awandelhof.ch\/wp-content\/uploads\/2020\/09\/Rinder-3-scaled.jpg&#187; background_position=&#187;bottom_center&#187; min_height=&#187;773px&#187; custom_margin=&#187;||-128px|||&#187; custom_padding=&#187;0%|0px|0%|0px||&#187;][\/et_pb_section][et_pb_section fb_built=&#187;1&#8243; admin_label=&#187;Promo Banner&#187; _builder_version=&#187;4.6.6&#8243; background_color=&#187;rgba(249,201,67,0.77)&#187; width=&#187;100%&#187; max_width=&#187;100%&#187; max_width_tablet=&#187;&#187; max_width_phone=&#187;&#187; max_width_last_edited=&#187;on|phone&#187; min_height=&#187;100px&#187; min_height_tablet=&#187;&#187; min_height_phone=&#187;100px&#187; min_height_last_edited=&#187;on|phone&#187; height=&#187;110px&#187; height_tablet=&#187;151px&#187; height_phone=&#187;auto&#187; height_last_edited=&#187;on|tablet&#187; max_height=&#187;1000px&#187; max_height_tablet=&#187;&#187; max_height_phone=&#187;155px&#187; max_height_last_edited=&#187;on|desktop&#187; custom_margin=&#187;-201px||-39px|||&#187; custom_padding=&#187;0px|0px|0px|0px||&#187;][et_pb_row _builder_version=&#187;3.25&#8243; custom_margin=&#187;125px|auto|14px|auto||&#187; custom_padding=&#187;4px|||||&#187;][et_pb_column type=&#187;4_4&#8243; _builder_version=&#187;3.25&#8243; custom_padding=&#187;|||&#187; custom_padding__hover=&#187;|||&#187;][et_pb_text _builder_version=&#187;4.6.6&#8243; text_font=&#187;||||||||&#187; link_font=&#187;|600|||on||||&#187; link_text_color=&#187;rgba(12,12,12,0.59)&#187; header_font=&#187;||||||||&#187; header_font_size=&#187;100px&#187; header_2_font=&#187;Alice||||||||&#187; header_2_font_size=&#187;45px&#187; [&hellip;]<\/p>\n","protected":false},"author":1,"featured_media":0,"parent":0,"menu_order":0,"comment_status":"closed","ping_status":"open","template":"","meta":{"_et_pb_use_builder":"on","_et_pb_old_content":"<!-- wp:paragraph -->\n<p>Dies ist eine Beispiel-Seite. Sie unterscheidet sich von Beitr\u00e4gen, da sie stets an derselben Stelle bleibt und (bei den meisten Themes) in der Website-Navigation angezeigt wird. Die meisten starten mit einem Impressum, der Datenschutzerkl\u00e4rung oder einer \u201e\u00dcber&nbsp;uns\u201c-Seite, um sich potenziellen Besuchern der Website vorzustellen. Dort k\u00f6nnte zum Beispiel stehen:<\/p>\n<!-- \/wp:paragraph -->\n\n<!-- wp:quote -->\n<blockquote class=\"wp-block-quote\"><p>Hallo! Tags\u00fcber arbeite ich als Fahrradkurier, nachts bin ich ein aufstrebender Schauspieler und dies hier ist meine Website. Ich lebe in Zurich, habe einen grossen Hund namens Jack, mag Pi&#241;a Coladas, jedoch weniger (ohne Schirm) im Regen stehen gelassen zu werden.<\/p><\/blockquote>\n<!-- \/wp:quote -->\n\n<!-- wp:paragraph -->\n<p>...oder so etwas wie das hier:<\/p>\n<!-- \/wp:paragraph -->\n\n<!-- wp:quote -->\n<blockquote class=\"wp-block-quote\"><p>Das Unternehmen XYZ wurde 1971 gegr\u00fcndet und versorgt die \u00d6ffentlichkeit seither mit qualitativ hochwertigen Produkten. An seinem Standort in einer kleinen Grossstadt besch\u00e4ftigt der Betrieb \u00fcber 2.000 Menschen und unterst\u00fctzt die Stadtbewohner in vielfacher Hinsicht.<\/p><\/blockquote>\n<!-- \/wp:quote -->\n\n<!-- wp:paragraph -->\n<p>Als neuer WordPress-Benutzer solltest du <a href=\"https:\/\/awandelhof.ch\/wp-admin\/\">dein Dashboard<\/a> aufrufen, um diese Seite zu l\u00f6schen und neue Seiten und Beitr\u00e4ge f\u00fcr deine Website erstellen. Viel Spass!<\/p>\n<!-- \/wp:paragraph -->","_et_gb_content_width":""},"_links":{"self":[{"href":"https:\/\/awandelhof.ch\/index.php?rest_route=\/wp\/v2\/pages\/2"}],"collection":[{"href":"https:\/\/awandelhof.ch\/index.php?rest_route=\/wp\/v2\/pages"}],"about":[{"href":"https:\/\/awandelhof.ch\/index.php?rest_route=\/wp\/v2\/types\/page"}],"author":[{"embeddable":true,"href":"https:\/\/awandelhof.ch\/index.php?rest_route=\/wp\/v2\/users\/1"}],"replies":[{"embeddable":true,"href":"https:\/\/awandelhof.ch\/index.php?rest_route=%2Fwp%2Fv2%2Fcomments&post=2"}],"version-history":[{"count":261,"href":"https:\/\/awandelhof.ch\/index.php?rest_route=\/wp\/v2\/pages\/2\/revisions"}],"predecessor-version":[{"id":1906,"href":"https:\/\/awandelhof.ch\/index.php?rest_route=\/wp\/v2\/pages\/2\/revisions\/1906"}],"wp:attachment":[{"href":"https:\/\/awandelhof.ch\/index.php?rest_route=%2Fwp%2Fv2%2Fmedia&parent=2"}],"curies":[{"name":"wp","href":"https:\/\/api.w.org\/{rel}","templated":true}]}}